+ 3*r - 15. Let j(v) = 9*v**3 + 2*v**2 - v. Calculate the remainder when c is divided by j(1).
9
Suppose -5*t - 3*j = 179, -2*t = 3*j + 61 + 7. Let h = -1 - t. What is the remainder when h is divided by 19?
17
Let b(h) = -h**3 + 7*h**2 + h - 5. Let n be b(7). Calculate the remainder when n - (2 + -3)*8 is divided by ((-9)/2)/(3/(-2)).
1
Let j(o) = -2*o**3 - 2*o**2 - 6*o + 6. What is the remainder when 113 is divided by j(-3)?
53
Let z = 41 - 4. Suppose -115 + z = -3*i. What is the remainder when i is divided by 7?
5
Let i(r) = 3*r**3 + 7*r**2 - 12*r + 5. What is the remainder when i(2) is divided by 20?
13
Let u be 1/(-2) + (-117)/(-2). Suppose 3*j - 23 = -2*d, 0 = 2*d - 0*d - j - 3. Suppose u = d*w + 26. What is the remainder when 22 is divided by w?
6
Let s(x) = -2*x**3 - 5*x**2 + 3*x + 5. Let r = -435 + 444. Calculate the remainder when s(-4) is divided by r.
5
Suppose -2*h = h - 9. Suppose 3*a - 9 = -r, -2*a + h*r + 14 = r. Suppose -w = -a*f - 107, f + f = 4*w - 358. What is the remainder when w is divided by 30?
27
Let b(u) = u + 11. What is the remainder when 209 - (-3)/6*16 is divided by b(11)?
19
Let r(j) = -2*j**2 + 17*j. Let i = -48 + 27. Let d = i + 59. Calculate the remainder when d is divided by r(8).
6
Suppose 5*k - 5 = 5*l, -217*k = -4*l - 222*k + 41. Suppose 0 = 3*y - 4*m - 26, 1 = -4*y + 2*y - m. What is the remainder when 1 + 9 - y/(-1) is divided by l?
0
Suppose -2 = 2*c, 4*p + 2*c - 588 = 42. Calculate the remainder when p is divided by 20.
18
Let k(f) = f**3 - 2*f**2 - 3*f - 9. Let j(z) = z**3 - 2*z**2 + 3*z - 2. Let p be j(2). What is the remainder when 28 + (-3)/((-3)/2) is divided by k(p)?
8
Suppose 0 = 29*s - 26*s - 321. What is the remainder when s is divided by 12?
11
Suppose 358 = 5*s - 4*a + 21, -2*a = 3*s - 189. What is the remainder when 648 is divided by s?
63
Calculate the remainder when 269 is divided by (8/140*21)/((-3)/(-85)).
31
Suppose 18*q + 2*q - 2440 = 0. Calculate the remainder when q is divided by 18.
14
What is the remainder when 2 + (-1 - (4 + -10)) is divided by ((-5)/1)/((-5)/(5 + 0))?
2
Suppose -135*a + 1541 = -619. Calculate the remainder when 124 is divided by a.
12
Let f = 44 + -22. Suppose 5*z + 19 + 38 = n, z - 2*n = -15. Calculate the remainder when 774/f - (-2)/z is divided by 12.
11
Suppose -3*n + 45*t - 43*t = -848, 0 = 3*n - t - 853. Calculate the remainder when n is divided by 87.
25
Let s(g) = -2*g**3 - 10*g**2 + 13*g + 5. Let i be s(-6). Calculate the remainder when (i + 3 - 3)/((-4)/224) is divided by 19.
18
Let c(g) = g**2 + 3*g - 5. Let i = -1677 - -1921. Calculate the remainder when i is divided by c(-8).
34
Suppose -180 = 4*a + 2*a. Let q = a - -53. Suppose -3*x + 269 = -2*z, -z + 355 = -2*x + 6*x. Calculate the remainder when x is divided by q.
20
Let m(w) = -w**3 - 4*w**2 + 8*w. Suppose x - 4*c = 4*x - 23, -2*c + 16 = 2*x. What is the remainder when m(-6) is divided by x?
6
Let k(m) = 55*m - 1. Suppose 3 = -4*v + 7. What is the remainder when k(v) is divided by 19?
16
Suppose 2*b + 6 = 2*l, -10*l + 11 = b - 9*l. Let z be (3/6)/(2/(-8)). Let a(m) = m**2 - m - 1. Calculate the remainder when a(z) is divided by b.
1
Suppose 30 = 5*y - 2*y. Suppose 13*u + 384 = 21*u. What is the remainder when u is divided by y?
8
Suppose -3*n + 9*n - 384 = 0. Calculate the remainder when n is divided by 37.
27
Let y be 0 + (-12)/(-4) + 2. Suppose -r = 4*f - 116, y*f - 3*r = 3*f + 58. What is the remainder when f is divided by 6?
5
Let j = 565 + -510. Let t(p) = p**3 - 5*p**2 + 3*p - 1. Calculate the remainder when j is divided by t(5).
13
Let c = -1497 - -1732. Calculate the remainder when c is divided by 30.
25
Let u(c) = -6*c**2 + 4*c**2 - 45*c**3 + 2*c**2 + 1 - c**2. Let r be u(-1). Let n = -39 + r. Calculate the remainder when 10 is divided by n.
4
Let m = 155 - 115. Calculate the remainder when 118 is divided by m.
38
Suppose 5*i = 3*z - 5, -2*z - 18 = 3*i - i. Let d = z - -20. What is the remainder when 52 is divided by d/(-6)*(-72)/10?
16
Let b = 15 + -15. Suppose -4*w = 2*j - 0*w - 18, b = -w + 2. What is the remainder when j is divided by 3?
2
Let i = 304 + -173. What is the remainder when i is divided by 70?
61
Let i be (-64)/10 - (-2)/(-15)*-3. Calculate the remainder when 232/(-10)*15/i is divided by 6.
4
Let p = -39 + 46. Suppose 50 = p*o - 321. What is the remainder when o is divided by 9?
8
Let t(k) = k**3 - k**2 - 2*k. Suppose -4*n + 8 = -4. Let l(a) = -a**3 + 9*a**2 - 7*a - 16. What is the remainder when l(7) is divided by t(n)?
9
Let w be (-4 - (-152)/36) + 1768/(-18). Calculate the remainder when (w/(-21))/((-2)/(-9)) is divided by 6.
3
Let o(t) = -t**2 + 10*t + 306. Calculate the remainder when o(0) is divided by 22.
20
Suppose 2*y - p - 34 = 13, 3*y = 4*p + 58. Let g be 2/(-5) - 467/(-5). Let m = g - 43. What is the remainder when m is divided by y?
24
Let t(u) = -u**3 - 4*u**2 + 3*u - 10. Suppose -70*b = -75*b - 30. Calculate the remainder when 174 is divided by t(b).
42
Suppose 0*m = 2*d - m + 53, -5*d + m - 128 = 0. Let r(a) = -2*a + 26. Let z be r(-2). Let y = z + d. What is the remainder when 9 is divided by y?
4
What is the remainder when 5/1 - 11/((-55)/3710) is divided by 30?
27
Suppose 30 = 8*t - 10. What is the remainder when 14 is divided by t?
4
Suppose -10 = 2*i - 4*a, 4*i - 5*a + 12 = 4. Suppose 13*h = -i + 354. Let l(w) = -w**3 + 5*w**2 - 2*w + 3. What is the remainder when h is divided by l(3)?
12
Suppose -114*l + 4*l = -12760. Calculate the remainder when 2085 is divided by l.
113
Let f = -105 + 189. Let s(q) = -5*q**2 - 764*q + 967. Calculate the remainder when f is divided by s(-154).
41
Let c(j) = 5*j**2 - 38*j - 44. Calculate the remainder when 180 is divided by c(10).
28
Suppose 38 = l - w + 9, 2*l - 3*w - 58 = 0. Suppose 0 = 5*b - 2*b + 6, 0 = -3*s - 5*b + l. Calculate the remainder when 62 is divided by s.
10
Suppose 25*m - 308 = -8. What is the remainder when 215 is divided by m?
11
Let s(y) = 4 + y**2 + 0 + 1 + 5*y. Let r(l) = l**2 + 30*l - 11. Calculate the remainder when r(-31) is divided by s(-6).
9
Let k(o) = 2*o - 22. Let p be k(13). Suppose 8*x - p*x - 548 = 0. Calculate the remainder when x is divided by 14.
11
Suppose 2*c - 10 = 0, 3*s - 214 = c - 0*c. Suppose -132 = 11*u - 23*u. What is the remainder when s is divided by u?
7
Suppose 0*p = 4*p - 128. Suppose m = 2*y - 1 - 4, -4*m - 5*y = -p. Calculate the remainder when 2*41*m/6 is divided by 14.
13
Let i = 663 - 638. What is the remainder when i is divided by 17?
8
Let u = 328 + -156. Calculate the remainder when u is divided by 29.
27
Suppose 4*w - 16 = 52. Let r(s) = -s. Let t be r(-4). What is the remainder when w is divided by (-6)/(-4)*1*t?
5
Suppose 0 = 3*h + 20 + 13. Let p = 15 + h. What is the remainder when p is divided by ((-118)/295)/(1/(-10))?
0
Let c be (-3 - -6)/(3/(-14)). Suppose 2*n + q = -26 + 69, -17 = -n + q. Let j = c + n. What is the remainder when 17 is divided by j?
5
Let m(l) = -l**2 + 11*l - 1. Let b(w) = w**2 - 2*w + 6. Let o be b(3). Calculate the remainder when m(8) is divided by 2/6 + 51/o.
5
Let m be 205/(-2) + 9/6. Let t = -72 - m. What is the remainder when t is divided by 6?
5
Suppose 23 + 77 = 5*u. Calculate the remainder when u is divided by 9.
2
Suppose -2*k = u - 32, -4*k - 25 + 83 = -u. Let m(o) = -o**2 + 26*o + 326. Calculate the remainder when m(32) is divided by k.
14
Suppose -f + 4*c + 40 = 0, -5*f - 2*c = -6*c - 136. Calculate the remainder when 95 is divided by f.
23
Let x(i) = 3*i**3 - 4*i - i**3 + 2*i**2 + 1 - 5*i + 7*i. Let u be x(2). Calculate the remainder when 26 is divided by (-15)/(-35) + 138/u.
5
Let i = 399 + -386. Calculate the remainder when i is divided by 4.
1
Let v = -18 - -30. Suppose -v*c = -15*c + 36. Calculate the remainder when 21 is divided by c.
9
Suppose 2*c + 0*c = 10. Suppose 0 = 5*k + c*f - 525, -3*k + 2*f + 285 = -f. Let v = -69 + k. Calculate the remainder when v is divided by 16.
15
Suppose -46 = 4*o - 66. Suppose 3*g - 6 = -o*w + 9, 0 = -4*g + w + 20. Let x = 3 + -1. Calculate the remainder when g is divided by x.
1
Suppose -20 = -2*m - 3*u, -u = u + 4. What is the remainder when ((-1)/(0 - -4))/(20/(-2960)) is divided by m?
11
Suppose o - 20 = -q, -4*q + 32 = 12. Suppose 0*z + z + 1 = 0. What is the remainder wh